 25*f + 28. Give u(10).
-22
Let o(i) = 7*i**2 + 215*i - 49. Calculate o(-31).
13
Let t(s) = -294*s**2 - 1. Determine t(1).
-295
Let q(t) = 6*t**2 - 19*t - 83. Give q(-6).
247
Let m(g) = -176*g + 4056. Calculate m(23).
8
Let r(s) = -8*s + 37. Determine r(4).
5
Let m(y) = 3*y**3 - 368*y**2 + 233*y + 1340. What is m(122)?
-2
Let c(m) = 1521*m + 10711. What is c(-7)?
64
Let m(c) = -408*c - 10604. What is m(-26)?
4
Let u(s) = 2*s**3 - 85*s**2 + 59*s - 715. What is u(42)?
-1
Let v(j) = -2*j**2 + 58*j + 200. Determine v(32).
8
Let v(b) = b**3 - 14*b**2 + 95*b - 355. Calculate v(7).
-33
Let t(j) = -323*j - 6453. What is t(-20)?
7
Let a(t) = 41*t - 552. Calculate a(14).
22
Let x(g) = -1483*g + 31128. Calculate x(21).
-15
Let x(r) = r**2 - 522*r + 53714. What is x(141)?
-7
Let w(f) = -5*f**2 - 74*f - 259. Calculate w(-9).
2
Let h(w) = 4*w**2 + 3757*w - 37965. Calculate h(10).
5
Let a(x) = 6*x**2 - 307*x + 39. Give a(52).
299
Let k(w) = -2*w**3 + 58*w**2 + 63*w - 9. Determine k(30).
81
Let a(v) = 4135*v - 24815. Give a(6).
-5
Let d(u) = 17*u**2 + 17*u + 51. Give d(-3).
153
Let d(y) = 838*y - 5892. Give d(7).
-26
Let d(j) = -3*j**2 + 15*j + 133. What is d(-6)?
-65
Let p(r) = 19*r + 83. What is p(12)?
311
Let v(g) = -g**3 + 56*g**2 - 153*g - 344. What is v(53)?
-26
Let g(b) = -2*b**3 + 14*b**2 - 6*b + 15. Determine g(7).
-27
Let z(n) = 4*n - 161. Calculate z(32).
-33
Let u(i) = -50*i - 1149. Calculate u(-23).
1
Let x(j) = 1333*j + 10667. Determine x(-8).
3
Let i(n) = 129*n - 6. Determine i(0).
-6
Let d(h) = h**3 + 2*h**2 + 45*h + 93. Give d(-2).
3
Let m(w) = -6*w**2 + 175*w + 348. Calculate m(-2).
-26
Let n(h) = 516*h + 1550. Determine n(-3).
2
Let o(v) = v**2 + 72*v - 7. Determine o(0).
-7
Let r(s) = -206*s - 845. Calculate r(-4).
-21
Let l(t) = 10*t**2 + 82*t + 15. Determine l(-8).
-1
Let c(r) = -16*r + 631. Calculate c(39).
7
Let z(n) = 39*n**2 + 76*n - 1384. Determine z(-7).
-5
Let g(d) = -66*d + 77. Give g(0).
77
Let j(d) = -10*d + 454. Calculate j(43).
24
Let f(b) = b**2 + 19*b + 101. Give f(-5).
31
Let w(v) = v**3 + 10*v**2 + 19*v + 4. What is w(-6)?
34
Let g(x) = 24*x - 51. What is g(10)?
189
Let s(x) = -14*x + 275. What is s(-16)?
499
Let u(k) = k**3 - 11*k**2 - 300*k + 556. Give u(23).
4
Let j(r) = 25*r**2 - 23*r + 34. Calculate j(2).
88
Let b(r) = 3*r**2 - 239*r - 92. Calculate b(80).
-12
Let y(o) = -11*o**2 + 268*o - 137. Calculate y(24).
-41
Let r(v) = -v**3 - 15*v**2 + 54*v + 815. Give r(-15).
5
Let s(h) = -h**3 + h**2 - 7*h + 9. Give s(6).
-213
Let f(u) = -74*u - 173. Give f(10).
-913
Let y(b) = b**3 - 16*b**2 + 5*b - 22. Calculate y(15).
-172
Let v(y) = 2*y**2 + 63*y + 321. Give v(-22).
-97
Let o(y) = y**3 + 16*y**2 - 38*y - 83. Determine o(-18).
-47
Let l(j) = j**3 - 35*j**2 + 70*j - 136. Determine l(33).
-4
Let q(f) = 148*f - 275. Determine q(2).
21
Let t(n) = -2201*n + 11015. What is t(5)?
10
Let d(j) = -14*j**2 + 18*j + 11. Determine d(4).
-141
Let r(q) = -70*q + 439. Determine r(5).
89
Let n(j) = 19*j**3 + 3*j**2 + 3*j - 1. Calculate n(-1).
-20
Let m(s) = 1272*s + 6363. Calculate m(-5).
3
Let z(k) = -27*k**2 + 329*k - 12. Determine z(12).
48
Let d(p) = p**3 - 22*p**2 + 42*p + 4. Calculate d(20).
44
Let k(o) = 5*o**2 - 2*o - 40. Calculate k(6).
128
Let x(a) = -160*a - 986. Determine x(-6).
-26
Let n(a) = -571*a + 1073. What is n(2)?
-69
Let d(o) = -9*o**2 - 59*o - 178. Give d(-3).
-82
Let p(d) = -20*d - 589. Give p(-30).
11
Let z(l) = -3*l**2 + 47*l + 50. Give z(17).
-18
Let l(p) = -p**2 - 4*p + 191. Determine l(12).
-1
Let o(b) = -b**3 - 17*b**2 + 2*b + 21. Determine o(-17).
-13
Let u(h) = -63*h + 418. Give u(7).
-23
Let y(n) = -n**2 - 25*n + 569. Give y(-38).
75
Let q(d) = 448*d - 4043. Give q(9).
-11
Let q(o) = -o**2 + 25*o - 215. What is q(15)?
-65
Let n(m) = 2*m**3 + 93*m**2 + 40*m - 203. Determine n(-46).
73
Let u(r) = r**2 - 43*r + 316. Give u(9).
10
Let a(c) = 10*c**3 - 9*c**2 + 48*c - 76. Calculate a(4).
612
Let w(o) = -325*o - 322. Determine w(0).
-322
Let r(w) = 1030*w**2 + 4121*w + 1. Calculate r(-4).
-3
Let l(a) = 18*a + 848. Determine l(-45).
38
Let x(j) = j**2 - 457*j + 4911. Give x(11).
5
Let b(f) = 446*f + 4459. What is b(-10)?
-1
Let q(t) = 2113*t + 4256. Calculate q(-2).
30
Let t(s) = -2*s**3 + 8*s**2 - 4*s + 8. Give t(4).
-8
Let j(i) = i**2 + 78*i + 436. Calculate j(-72).
4
Let k(y) = -6*y**2 + 9*y - 10. Calculate k(5).
-115
Let z(u) = -u**3 + 14*u**2 + 727*u + 284. What is z(35)?
4
Let h(w) = 16*w + 700. Give h(-44).
-4
Let h(a) = a**3 + 31*a**2 + 62*a + 48. Calculate h(-29).
-68
Let s(v) = -v**3 - 12*v**2 - 21*v - 47. Give s(-9).
-101
Let p(l) = 38*l - 460. Give p(9).
-118
Let w(v) = -2*v**3 - 33. Calculate w(7).
-719
Let x(p) = p**3 - 5*p**2 - 8*p - 38. Give x(6).
-50
Let q(l) = -2*l**2 - 28*l + 15. Calculate q(-9).
105
Let x(d) = -d**2 + 13*d - 20. What is x(3)?
10
Let q(p) = 1792*p + 16113. What is q(-9)?
-15
Let n(w) = -60*w - 8. What is n(-3)?
172
Let q(g) = -g**3 + 19*g**2 + 227*g - 191. Determine q(27).
106
Let a(q) = 1065*q + 5329. What is a(-5)?
4
Let c(j) = -j**3 + 4*j**2 + 20*j - 77. Determine c(5).
-2
Let z(f) = -f**3 - 7*f**2 + 5*f + 37. What is z(-5)?
-38
Let b(d) = -3*d**3 - 17*d**2 - 14*d - 289. What is b(-7)?
5
Let g(z) = z**3 - 34*z**2 - 500*z - 56. Calculate g(-11).
-1
Let v(j) = -83*j - 242. Give v(-11).
671
Let t(h) = 563*h + 3938. Calculate t(-7).
-3
Let h(v) = -v**3 + 10*v**2 - 31*v - 33. Give h(-6).
729
Let q(g) = 107*g**2 + 115*g - 6. Give q(-1).
-14
Let n(i) = i**3 - 460*i**2 - 3743*i + 11. Calculate n(-8).
3
Let u(d) = -d**3 - 11*d**2 - d - 27. Give u(-13).
324
Let x(l) = 20*l**2 - 14*l - 8. Give x(1).
-2
Let k(p) = -p**3 - 36*p**2 + 112. Give k(-36).
112
Let b(h) = h**3 + 8*h**2 - 7*h - 167. What is b(-10)?
-297
Let v(n) = -n**3 + 20*n**2 - 10*n - 70. Give v(19).
101
Let n(z) = z**3 - 35*z**2 + 151*z + 10. Calculate n(30).
40
Let d(r) = 7*r**3 + 50*r**2 - 39*r + 80. Determine d(-8).
8
Let r(g) = -19524*g + 370957. What is r(19)?
1
Let k(d) = -d**3 - 27*d**2 - 11*d + 108. What is k(-26)?
-282
Let t(i) = -27*i - 85. What is t(-7)?
104
Let p(k) = -k**3 - 2*k**2 + k - 12. Calculate p(6).
-294
Let q(i) = 2391*i - 47836. Calculate q(20).
-16
Let u(o) = -14*o**3 + 2*o**2 - 45*o - 91. What is u(-2)?
119
Let a(d) = d**2 - 52*d - 107. Calculate a(-4).
117
Let z(v) = v**2 - 7*v - 183. What is z(18)?
15
Let y(o) = 2*o**2 - 75*o + 15. Calculate y(36).
-93
Let v(u) = 32*u - 821. Determine v(29).
107
Let y(p) = 3*p**3 - 76*p**2 - 32*p - 512. Determine y(26).
8
Let r(v) = -v**3 - 7*v**2 + 176*v + 745. Determine r(-4).
-7
Let l(h) = -h**3 + 96*h**2 + 105*h - 702. Give l(97).
74
Let y(t) = 2*t**2 - 16*t + 43. What is y(11)?
109
Let t(z) = z**3 - 6*z**2 - 16*z + 103. Give t(5).
-2
Let f(u) = -6*u**2 - 368*u + 33. Calculate f(-62).
-215
Let w(a) = -a**2 - 444*a - 5593. Calculate w(-13).
10
Let q(d) = -4*d**3 + 88*d**2 - 3*d - 48. Calculate q(22).
-114
Let c(l) = l + 8. Give c(-2).
6
Let p(z) = 2*z**2 + 24*z + 104. Give p(-10).
64
Let g(k) = -163*k - 626. What is g(-3)?
-137
Let c(x) = x**3 + 38*x**2 + 79*x + 295. Determine c(-36).
43
Let u(t) = -t**3 + 25*t - 105. What is u(6)?
-171
Let c(z) = -12*z + 183. Calculate c(17).
-21
Let d(m) = 15*m**2 - m - 4. Determine d(2).
54
Let u(b) = -7*b**3 - 4*b**2 - 2*b - 9. What is u(-4)?
383
Let r(y) = y**2 + 89*y - 101. What is r(-90)?
-11
Let v(q) = 2*q**2 + 440*q - 1783. Calculate v(4).
9
Let s(p) = 3*p**3 + 31*p**2 + 7*p + 23. What is s(-10)?
53
Let o(g) = -g**3 - 5*g**2 + 18*g + 52. Calculate o(-7).
24
Let f(c) = 57*c - 5845. Determine f(103).
26
Let v(y) = 92*y + 375. What is v(-7)?
-269
Let h(p) = -p**2 + 11*p + 17. What is h(10)?
27
Let v(s) = s**3 - 49*s**2 - 100*s - 293. Determine v(51).
-191
Let a(n) = 16*n**2 + 61*n + 168. What is a(-3)?
129
Let c(o) = o**3 + 40*o**2 - 43*o - 65. Give c(-41).
17
Let g(j) = 1072*j - 12838. Calculate g(12).
26
Let k(h) = -8*h**2 - 152*h + 1208. Calculate k(-25).
8
Let l(r) = -r**3 + 13*r**2 - 22*r - 85. Calculate l(5).
5
Let f(z) = z**2 - 2784*z - 5565. Determine f(-2).
7
Let k(a) = -a**3 - 8*a**2 - 5*a - 17. Give k(-9).
109
Let x(u) = -2*u**2 + 191*u + 80109. Determine x(-158).
3
Let g(y) = y**3 - 64*y + 4. Determine g(-8).
4
Let w(h) = -h**2 - 54*h - 633. Give w(-35).
32
Let s(t) = t**3 - 12*t**2 - 16*t + 4. What is s(